/(-9)) is divided by 10?
8
Let w = 28 + -18. Let q(k) = -k + 17. What is the remainder when 20 is divided by q(w)?
6
Let u = -85 + 155. What is the remainder when u is divided by 8?
6
Let f be (2/3)/((-4)/(-102)). Suppose -2*g + 3*g = -3*c - f, 2*c + 4 = 3*g. Calculate the remainder when 17 is divided by 1 + 5*(-2)/g.
5
Suppose -6 + 41 = 7*v. Calculate the remainder when 15 is divided by v.
0
Let r(p) = 6*p - 2. What is the remainder when 48 is divided by r(2)?
8
Let q(w) = -2*w + 1. Let b be q(-2). Let c = b + 3. What is the remainder when c is divided by 5?
3
Let y(v) = 0 - 2*v**3 + 3 - 4*v**2 - 3 - 1. Calculate the remainder when 48 is divided by y(-3).
14
Suppose 0*f - 5*f - 4*q = -24, 3*f - 10 = 2*q. Calculate the remainder when 14 is divided by f.
2
Suppose -3*b - 3*q + 27 = 0, 5*q = b + 4*q - 15. What is the remainder when 178 is divided by b?
10
What is the remainder when 65 is divided by 25*8/6 + (-2)/(-3)?
31
Let o(n) = -5*n**3 + n**2 - n. Let f be o(1). Let t = -4 - f. Suppose -4*z + 73 = t. What is the remainder when 34 is divided by z?
16
Let t = -1 - -7. Suppose -t = -0*w - 2*w. Suppose 3*x - w*q - 24 = 0, 4*q + 1 = -3*x + 4. What is the remainder when 14 is divided by x?
4
Suppose -61 = -4*z + 59. Let x = 8 + -1. Let g = z + x. Calculate the remainder when g is divided by 13.
11
Let n = 21 - 38. Let v = 4 - n. Calculate the remainder when 81 is divided by v.
18
Let b(z) be the second derivative of 1/3*z**3 + 0 - 7/12*z**4 + 1/20*z**5 + 3/2*z**2 - z. What is the remainder when b(7) is divided by 6?
5
Let j = 17 + -11. Suppose 5*l + 32 = 2*s, -7*l + 2*l = 5*s - 45. Calculate the remainder when j*(-3)/(-6) + 17 is divided by s.
9
Suppose 3*v - 13 = -19. Let c(l) = l**3 + 3*l**2 - l + 1. Calculate the remainder when c(v) is divided by 2.
1
Suppose 14 = 4*q + 5*o + 17, o - 12 = -5*q. Let c(j) = j + 1. Calculate the remainder when q is divided by c(0).
0
Suppose -4*t - c = -231, -3*t - c + 117 = -t. What is the remainder when 110 is divided by t?
53
Suppose -3*t - d + 5*d - 28 = 0, 5*t + 41 = d. Let l be 3/((-2)/(t/6)). Calculate the remainder when 3 is divided by l + (0/2)/(-1).
1
Let s(q) = q**3 + 4*q**2 + q + 1. What is the remainder when 20 is divided by s(-3)?
6
Suppose -w + 2*k = 3 + 19, 0 = 3*w - 3*k + 66. Suppose -11*i + 46 + 383 = 0. Let o = i + w. Calculate the remainder when 33 is divided by o.
16
Suppose 0*c + 27 = 3*c. Calculate the remainder when c is divided by 6.
3
Let c be 5*((-4)/(-1) - 3). Suppose 0 = -2*o + c*g + 13, 2*g = -5*o + 3*g + 44. Suppose -8 = 5*l - 33. Calculate the remainder when o is divided by l.
4
Suppose 3*r - 13 = -4. Let x(o) = 3 + 2*o**r + 0*o**3 - 3*o**3 + 9*o**2 - 4*o. What is the remainder when x(8) is divided by 12?
11
Let l be (9/(-6))/(6/(-8)). Let g(o) = 13*o + 2. What is the remainder when g(l) is divided by 15?
13
Let q(m) be the third derivative of 0 - 2/3*m**3 - 1/24*m**4 + 0*m - 4*m**2 + 1/60*m**5. Calculate the remainder when q(4) is divided by 5.
3
Let q be 3 + (-2 - 2)/4. Suppose 0 = -2*c - q*c + 140. Let a = 41 + -29. What is the remainder when c is divided by a?
11
Let n = 38 + -23. What is the remainder when 43 is divided by n?
13
Suppose 5*q = 5*g + 15, 4*q + 2*g - 7 + 1 = 0. Suppose q*i + 0*i = 80. Let b(s) = s + 9. Calculate the remainder when i is divided by b(5).
12
Let m(b) = b**2 - 1. Let p(z) = -3*z**2 - 4*z - 1. Let y(w) = -4*m(w) - p(w). Calculate the remainder when y(4) is divided by 3.
2
Let j(f) = 4*f. Calculate the remainder when (1/2)/((-10)/(-60)) - -68 is divided by j(6).
23
Suppose 0 = 2*b + b - 12. Suppose -b*l = -40 - 0. Calculate the remainder when 28 is divided by l.
8
Calculate the remainder when 76 is divided by -14 + 18 + (-1 - -17).
16
Let c(p) = p**2 + 13. What is the remainder when 146 is divided by c(-5)?
32
Let u = -4 - -3. Let q be u + 1 - (6 - -2). Let m = q + 19. Calculate the remainder when m is divided by 6.
5
Suppose -2*b = b + 30. Suppose 7*c - 3*c + 200 = 0. Let i = b - c. What is the remainder when i is divided by 14?
12
Suppose 3*v - 2*v - 115 = -4*j, -5*j - 2*v + 140 = 0. What is the remainder when j is divided by 8?
6
Let y = -111 + 122. Calculate the remainder when 31 is divided by y.
9
Suppose -5*x - 15 = 5*o, 2*o + 5*x + 9 = -0*x. Calculate the remainder when 24 is divided by o/(-7) + 623/49.
11
Let t = -1 + 5. Calculate the remainder when 32 is divided by (10/15)/(t/66).
10
What is the remainder when 22 is divided by 4 - (-5 - (-7 - -3))?
2
Suppose 2 = -2*w + 32. Suppose -1 = -2*h + 5. Suppose -1 + 17 = 4*z + 4*q, -h*z + q = -28. Calculate the remainder when w is divided by z.
7
Suppose 38 = -5*x - 3*b, 2*b - 10 = 2*x - 2*b. Let i(p) = -p**3 - 6*p**2 + 5*p - 4. What is the remainder when i(x) is divided by 6?
4
Let w be (3 - 134/(-2)) + -2. What is the remainder when (w/3)/(10/15) is divided by 9?
7
Suppose -425 = -4*l + y, -5*y + 185 = 5*l - 3*l. Suppose 3*j = 8*j + l. Calculate the remainder when (j/(-14))/(3/32) is divided by 6.
4
Let g(m) = m**3 + 1 - 2*m + m**2 + 3*m**2 + 0*m**2. What is the remainder when 31 is divided by g(-3)?
15
Suppose 3*s - 4*l - 4 = 0, -3*s + 2*l = -7*s - 2. Suppose s = 3*o - 2*r - 6 - 90, 0 = 3*o - 3*r - 99. Calculate the remainder when o is divided by 16.
14
Suppose -2*s + 4*g = -0*g - 20, -4*g = 2*s - 28. What is the remainder when 17 is divided by s?
5
Let z = 6 + -3. Suppose 0 = -5*d + 7 + z. Suppose -3*n - d*w - 3*w = -41, 4*w + 42 = 2*n. Calculate the remainder when n is divided by 9.
8
Suppose -2*x + 23 = 5. Calculate the remainder when 15 is divided by x.
6
Let o be 1 - 10*26/(-4). Suppose -p - 4*u = p - 24, 5*p + 4*u - o = 0. What is the remainder when 41 is divided by p?
13
Suppose -6 = -d - 2*q, -2*d + 4*q + 21 = -q. Suppose -48 = -4*o + d. Let v = -30 - -70. What is the remainder when v is divided by o?
12
Let b = -37 + 66. Suppose -m = m - 30. What is the remainder when (b/(-2))/(4/(-8)) is divided by m?
14
Suppose 4*z - 1 - 8 = -3*x, 3*z - 15 = -5*x. Suppose -4*l - 7 - 9 = 0. What is the remainder when (8/(-5))/(l/10) is divided by x?
1
Let n be 7/(14/36) + -2. Suppose n = 4*x, 5*l - 39 = 3*x + 44. What is the remainder when l is divided by 7?
5
Suppose 2*k - 3*g + 12 = -k, -g + 4 = k. Suppose -a + k*a = -28. Calculate the remainder when a is divided by 15.
13
Let o = -39 - -66. Let a be (-4)/6*o/(-6). Suppose a*u = -0*u + 150. Calculate the remainder when u is divided by 17.
16
What is the remainder when 3/(-6)*-3 - (-1124)/8 is divided by 18?
16
Let k = 6 - 2. Suppose k = 2*v + 2. Let t = v - -4. What is the remainder when 14 is divided by t?
4
Let c(m) = 4*m + 6. Let q be c(-9). Let t = 49 + q. Calculate the remainder when 36 is divided by t.
17
Suppose -169 = -5*s + 21. What is the remainder when s is divided by 10?
8
Let x be 2/6 - 1/3. Suppose -b = -x*b - 11. What is the remainder when 41 is divided by b?
8
Let w be 1/2*(0 - -6). Let t be (-5)/w - 3/9. Let i = -1 - t. Calculate the remainder when 1 is divided by i.
0
Let l(r) = r**2 - 2*r - 1. Let i be l(3). Let v = i + 5. What is the remainder when v is divided by 5?
2
Let v = 14 + 7. Let y = v + -7. What is the remainder when y is divided by 3?
2
Suppose 0 = -v + 10 + 16. Let q = 88 - 37. What is the remainder when q is divided by v?
25
What is the remainder when 5*2*66/20 is divided by (1/2)/(2/68)?
16
Suppose -3*r - 1 = -13. Let c be (-1 + 13)*(-2)/r. What is the remainder when (-654)/(-14) - c/21 is divided by 16?
15
Suppose -9*x + 8*x + 108 = 4*g, 3*g - 72 = -3*x. What is the remainder when g is divided by 15?
13
Let a be (14/6)/(1/(-3)). Let f(u) = -u - 4. Let r be f(a). Suppose -15 = 5*p, r*d + 4*p + 6 + 3 = 0. Calculate the remainder when d is divided by 1.
0
Suppose -4*h = -5*k - 74, h = 6*h + 3*k - 74. Calculate the remainder when 5/20 - 366/(-8) is divided by h.
14
Let j(b) = -b**3 - b**2 - 3*b + 4. Let m be j(-4). Suppose 3*z - 5 = m. Suppose 0 = 3*s - 5 - 31. What is the remainder when z is divided by s?
11
What is the remainder when 10*(6 + (-1 - 2)) is divided by 11?
8
Calculate the remainder when 1*(-174)/4*-2 is divided by 18.
15
Suppose -2*l = -7*l + 3*h + 22, -l = h - 6. Let s(j) = j**3 - 6*j**2 + 6*j + 2. Calculate the remainder when s(l) is divided by 5.
2
Suppose 12 = 5*r - 8. Suppose 2*t - p = r*p + 2, 0 = 